s divided by 5854.
5849
What is the remainder when 570689 is divided by 47?
15
Calculate the remainder when 11122474 is divided by 1761.
1759
What is the remainder when 28423040 is divided by 71?
36
What is the remainder when 324682 is divided by 649?
182
Calculate the remainder when 35659668 is divided by 469206.
12
Calculate the remainder when 25138542 is divided by 147009.
3
What is the remainder when 5171697 is divided by 1723876?
69
What is the remainder when 88346 is divided by 10979?
514
Calculate the remainder when 362097 is divided by 576.
369
What is the remainder when 3447 is divided by 1955?
1492
Calculate the remainder when 2761671 is divided by 1925.
1221
What is the remainder when 4933839 is divided by 2847?
2835
What is the remainder when 144425297 is divided by 123335?
12
What is the remainder when 69602381 is divided by 34801184?
13
Calculate the remainder when 931942 is divided by 3096.
46
What is the remainder when 75059555 is divided by 249?
248
What is the remainder when 34152 is divided by 161?
20
Calculate the remainder when 3674640 is divided by 1023.
24
Calculate the remainder when 2052 is divided by 186.
6
Calculate the remainder when 33375339 is divided by 504.
459
What is the remainder when 27530140 is divided by 935?
0
What is the remainder when 346820 is divided by 43218?
1076
What is the remainder when 5067144 is divided by 815?
289
What is the remainder when 12695443 is divided by 4818?
13
What is the remainder when 49668739 is divided by 2151?
2149
What is the remainder when 370912 is divided by 552?
520
Calculate the remainder when 259000 is divided by 129368.
264
Calculate the remainder when 3413534 is divided by 17327.
115
What is the remainder when 1070764 is divided by 8566?
14
What is the remainder when 68054 is divided by 22679?
17
What is the remainder when 9260627 is divided by 308?
299
What is the remainder when 1005625 is divided by 1653?
601
What is the remainder when 84078 is divided by 248?
6
Calculate the remainder when 13037516 is divided by 5192.
404
Calculate the remainder when 8136 is divided by 5687.
2449
Calculate the remainder when 118015 is divided by 401.
121
What is the remainder when 32532 is divided by 4274?
2614
Calculate the remainder when 1460574 is divided by 175.
24
What is the remainder when 27916 is divided by 2323?
40
What is the remainder when 24102 is divided by 360?
342
Calculate the remainder when 4008530 is divided by 314.
6
What is the remainder when 977813 is divided by 21?
11
What is the remainder when 1788792 is divided by 407?
27
What is the remainder when 298152 is divided by 616?
8
Calculate the remainder when 13068438 is divided by 44.
42
Calculate the remainder when 7173125 is divided by 470.
455
What is the remainder when 723228 is divided by 723178?
50
What is the remainder when 165322 is divided by 9717?
133
Calculate the remainder when 9872 is divided by 3767.
2338
What is the remainder when 819947 is divided by 477?
461
What is the remainder when 49707477 is divided by 601?
570
Calculate the remainder when 2058605 is divided by 81.
71
Calculate the remainder when 110449624 is divided by 5.
4
Calculate the remainder when 123962156 is divided by 8134.
8130
Calculate the remainder when 4722842 is divided by 11808.
11450
What is the remainder when 4197702 is divided by 1399221?
39
What is the remainder when 174066721 is divided by 242?
235
Calculate the remainder when 12180474 is divided by 260.
254
Calculate the remainder when 3556866 is divided by 468.
66
Calculate the remainder when 510833 is divided by 1632.
17
What is the remainder when 507928 is divided by 36275?
78
Calculate the remainder when 78935295 is divided by 410.
45
Calculate the remainder when 12328859 is divided by 586.
5
What is the remainder when 231633 is divided by 321?
192
Calculate the remainder when 7586681 is divided by 330.
311
What is the remainder when 6690687 is divided by 6890?
497
What is the remainder when 811563 is divided by 405567?
429
What is the remainder when 206468 is divided by 206379?
89
Calculate the remainder when 9469243 is divided by 620.
603
Calculate the remainder when 279755574 is divided by 50662.
10
What is the remainder when 3995053 is divided by 998762?
5
Calculate the remainder when 221825 is divided by 207.
128
Calculate the remainder when 109986761 is divided by 7988.
7977
Calculate the remainder when 304105 is divided by 101320.
145
What is the remainder when 12929 is divided by 65?
59
Calculate the remainder when 116028 is divided by 589.
584
Calculate the remainder when 6997679 is divided by 471.
32
Calculate the remainder when 22386161 is divided by 491.
489
What is the remainder when 785942 is divided by 19?
7
What is the remainder when 51781918 is divided by 3495?
3493
Calculate the remainder when 4437582 is divided by 30604.
2
What is the remainder when 2822969 is divided by 564590?
19
Calculate the remainder when 21811 is divided by 1619.
764
What is the remainder when 4839429 is divided by 19?
15
Calculate the remainder when 14478583 is divided by 88283.
171
Calculate the remainder when 332703 is divided by 276.
123
Calculate the remainder when 14920570 is divided by 5865.
10
Calculate the remainder when 74081 is divided by 4777.
2426
Calculate the remainder when 5578425 is divided by 211.
7
What is the remainder when 330953 is divided by 9894?
4451
What is the remainder when 4729850 is divided by 256?
250
What is the remainder when 2976948 is divided by 76332?
0
What is the remainder when 150173 is divided by 74141?
1891
What is the remainder when 9655015 is divided by 6867?
13
Calculate the remainder when 85852 is divided by 36.
28
What is the remainder when 2281758 is divided by 871?
609
What is the remainder when 571959 is divided by 47652?
135
Calculate the remainder when 19649 is divided by 19356.
293
Calculate the remainder when 2564155 is divided by 165.
55
What is the remainder when 21232443 is divided by 643407?
12
What is the remainder when 7859116 is divided by 13055?
6
Calculate the remainder when 165442 is divided by 82422.
598
Calculate the remainder when 12328414 is divided by 3641.
3629
Calculate the remainder when 755206 is divided by 559.
556
Calculate the remainder when 27869 is divided by 19.
15
What is the remainder when 492389 is divided by 18?
17
What is the remainder when 1938525 is divided by 1336?
1325
What is the remainder when 534850 is divided by 431?
410
Calculate the remainder when 9912923 is divided by 252.
251
Calculate the remainder when 6335993 is divided by 360.
353
What is the remainder when 29416 is divided by 4586?
1900
Calculate the remainder when 15391819 is divided by 3847948.
27
What is the remainder when 174394 is divided by 237?
199
What is the remainder when 333200 is divided by 519?
2
What is the remainder when 3463440 is divided by 432912?
144
Calculate the remainder when 256103 is divided by 542.
279
Calculate the remainder when 4925326 is divided by 3643.
3633
What is the remainder when 878754 is divided by 439371?
12
What is the remainder when 185770 is divided by 2813?
112
What is the remainder when 1220934 is divided by 8194?
28
Calculate the remainder when 24348271 is divided by 204607.
38
Calculate the remainder when 11071 is divided by 1509.
508
Calculate the remainder when 2606241 is divided by 15421.
92
What is the remainder when 240992 is divided by 4547?
1
What is the remainder when 118725539 is divided by 109?
14
What is the remainder when 8958174 is divided by 542?
540
Calculate the remainder when 10189345 is divided by 52.
49
What is the remainder when 13683 is divided by 341?
43
What is the remainder when 1844397 is divided by 87?
84
Calculate the remainder when 1538666 is divided by 49631.
105
What is the remainder when 6136372 is divided by 35885?
37
What is the remainder when 2579538 is divided by 644877?
30
Calculate the remainder when 948884 is divided by 3001.
568
Calculate the remainder when 6133369 is divided by 1484.
1481
What is the remainder when 7517772 is divided by 28?
24
Calculate the remainder when 172132 is divided by 84448.
3236
Calculate the remainder when 62444 is divided by 62341.
103
Calculate the remainder when 534128 is divided by 59344.
32
Calculate the r